{"id":525,"date":"2024-02-28T11:03:58","date_gmt":"2024-02-28T10:03:58","guid":{"rendered":"http:\/\/theta-service.fr\/?page_id=525"},"modified":"2024-08-23T14:15:53","modified_gmt":"2024-08-23T12:15:53","slug":"presentation-2","status":"publish","type":"page","link":"https:\/\/theta-service.fr\/?page_id=525","title":{"rendered":"Professionnels"},"content":{"rendered":"\t\t<div data-elementor-type=\"wp-page\" data-elementor-id=\"525\" class=\"elementor elementor-525\">\n\t\t\t\t\t\t<section class=\"elementor-section elementor-top-section elementor-element elementor-element-2a2cdcc elementor-section-boxed elementor-section-height-default elementor-section-height-default\" data-id=\"2a2cdcc\" data-element_type=\"section\" data-e-type=\"section\">\n\t\t\t\t\t\t<div class=\"elementor-container elementor-column-gap-default\">\n\t\t\t\t\t<div class=\"elementor-column elementor-col-100 elementor-top-column elementor-element elementor-element-d03a1ef\" data-id=\"d03a1ef\" data-element_type=\"column\" data-e-type=\"column\">\n\t\t\t<div class=\"elementor-widget-wrap elementor-element-populated\">\n\t\t\t\t\t\t<div class=\"elementor-element elementor-element-148bc23 elementor-widget elementor-widget-spacer\" data-id=\"148bc23\" data-element_type=\"widget\" data-e-type=\"widget\" data-widget_type=\"spacer.default\">\n\t\t\t\t<div class=\"elementor-widget-container\">\n\t\t\t\t\t\t\t<div class=\"elementor-spacer\">\n\t\t\t<div class=\"elementor-spacer-inner\"><\/div>\n\t\t<\/div>\n\t\t\t\t\t\t<\/div>\n\t\t\t\t<\/div>\n\t\t\t\t\t<\/div>\n\t\t<\/div>\n\t\t\t\t\t<\/div>\n\t\t<\/section>\n\t\t\t\t<section class=\"elementor-section elementor-top-section elementor-element elementor-element-7a4e8f0 elementor-section-boxed elementor-section-height-default elementor-section-height-default\" data-id=\"7a4e8f0\" data-element_type=\"section\" data-e-type=\"section\">\n\t\t\t\t\t\t<div class=\"elementor-container elementor-column-gap-default\">\n\t\t\t\t\t<div class=\"elementor-column elementor-col-100 elementor-top-column elementor-element elementor-element-75c7d53\" data-id=\"75c7d53\" data-element_type=\"column\" data-e-type=\"column\">\n\t\t\t<div class=\"elementor-widget-wrap elementor-element-populated\">\n\t\t\t\t\t\t<div class=\"elementor-element elementor-element-5b4c055 elementor-widget elementor-widget-text-editor\" data-id=\"5b4c055\" data-element_type=\"widget\" data-e-type=\"widget\" data-widget_type=\"text-editor.default\">\n\t\t\t\t<div class=\"elementor-widget-container\">\n\t\t\t\t\t\t\t\t\t<p>Theta Service est \u00e0 votre disposition pour tous vos \u00e9v\u00e9nements d&rsquo;entreprise, qu&rsquo;il s&rsquo;agisse de repas conviviaux hebdomadaires, de s\u00e9minaires, ou de r\u00e9ceptions professionnelles. Nous cr\u00e9ons des menus sur mesure, adapt\u00e9s \u00e0 vos envies et \u00e0 celles de vos collaborateurs.<\/p><p>\u00a0<\/p><p>Nous proposons \u00e9galement des livraisons de repas chauds pour le midi et\/ou pouvons assurer le service sur place pour vos soir\u00e9es priv\u00e9es.<\/p><p>\u00a0<\/p><p>Pour discuter de vos projets, n&rsquo;h\u00e9sitez pas \u00e0 nous contacter directement via le formulaire dans l&rsquo;onglet <a href=\"https:\/\/theta-service.fr\/?page_id=543\"><strong>Contact<\/strong>.<\/a><\/p>\t\t\t\t\t\t\t\t<\/div>\n\t\t\t\t<\/div>\n\t\t\t\t\t<\/div>\n\t\t<\/div>\n\t\t\t\t\t<\/div>\n\t\t<\/section>\n\t\t\t\t<\/div>\n\t\t","protected":false},"excerpt":{"rendered":"<p>Theta Service est \u00e0 votre disposition pour tous vos \u00e9v\u00e9nements d&rsquo;entreprise, qu&rsquo;il s&rsquo;agisse de repas conviviaux hebdomadaires, de s\u00e9minaires, ou de r\u00e9ceptions professionnelles. Nous cr\u00e9ons des menus sur mesure, adapt\u00e9s \u00e0 vos envies et \u00e0 celles de vos collaborateurs. \u00a0 Nous proposons \u00e9galement des livraisons de repas chauds pour le midi et\/ou pouvons assurer le service sur place pour vos soir\u00e9es priv\u00e9es. \u00a0 Pour discuter de vos projets, n&rsquo;h\u00e9sitez pas \u00e0 nous contacter directement via le formulaire dans l&rsquo;onglet Contact.<\/p>\n","protected":false},"author":1,"featured_media":0,"parent":0,"menu_order":0,"comment_status":"closed","ping_status":"closed","template":"","meta":{"footnotes":""},"class_list":["post-525","page","type-page","status-publish","hentry"],"yoast_head":"<!-- This site is optimized with the Yoast SEO plugin v27.4 - https:\/\/yoast.com\/product\/yoast-seo-wordpress\/ -->\n<title>Professionnels - Theta service<\/title>\n<meta name=\"robots\" content=\"index, follow, max-snippet:-1, max-image-preview:large, max-video-preview:-1\" \/>\n<link rel=\"canonical\" href=\"http:\/\/theta-service.fr\/?page_id=525\" \/>\n<meta property=\"og:locale\" content=\"fr_FR\" \/>\n<meta property=\"og:type\" content=\"article\" \/>\n<meta property=\"og:title\" content=\"Professionnels - Theta service\" \/>\n<meta property=\"og:description\" content=\"Theta Service est \u00e0 votre disposition pour tous vos \u00e9v\u00e9nements d&rsquo;entreprise, qu&rsquo;il s&rsquo;agisse de repas conviviaux hebdomadaires, de s\u00e9minaires, ou de r\u00e9ceptions professionnelles. Nous cr\u00e9ons des menus sur mesure, adapt\u00e9s \u00e0 vos envies et \u00e0 celles de vos collaborateurs. \u00a0 Nous proposons \u00e9galement des livraisons de repas chauds pour le midi et\/ou pouvons assurer le service sur place pour vos soir\u00e9es priv\u00e9es. \u00a0 Pour discuter de vos projets, n&rsquo;h\u00e9sitez pas \u00e0 nous contacter directement via le formulaire dans l&rsquo;onglet Contact.\" \/>\n<meta property=\"og:url\" content=\"http:\/\/theta-service.fr\/?page_id=525\" \/>\n<meta property=\"og:site_name\" content=\"Theta service\" \/>\n<meta property=\"article:publisher\" content=\"https:\/\/www.facebook.com\/profile.php?id=100084109790785&amp;locale=fr_FR\" \/>\n<meta property=\"article:modified_time\" content=\"2024-08-23T12:15:53+00:00\" \/>\n<meta name=\"twitter:card\" content=\"summary_large_image\" \/>\n<meta name=\"twitter:label1\" content=\"Dur\u00e9e de lecture estim\u00e9e\" \/>\n\t<meta name=\"twitter:data1\" content=\"1 minute\" \/>\n<script type=\"application\/ld+json\" class=\"yoast-schema-graph\">{\"@context\":\"https:\\\/\\\/schema.org\",\"@graph\":[{\"@type\":\"WebPage\",\"@id\":\"http:\\\/\\\/theta-service.fr\\\/?page_id=525\",\"url\":\"http:\\\/\\\/theta-service.fr\\\/?page_id=525\",\"name\":\"Professionnels - Theta service\",\"isPartOf\":{\"@id\":\"http:\\\/\\\/theta-service.fr\\\/#website\"},\"datePublished\":\"2024-02-28T10:03:58+00:00\",\"dateModified\":\"2024-08-23T12:15:53+00:00\",\"breadcrumb\":{\"@id\":\"http:\\\/\\\/theta-service.fr\\\/?page_id=525#breadcrumb\"},\"inLanguage\":\"fr-FR\",\"potentialAction\":[{\"@type\":\"ReadAction\",\"target\":[\"http:\\\/\\\/theta-service.fr\\\/?page_id=525\"]}]},{\"@type\":\"BreadcrumbList\",\"@id\":\"http:\\\/\\\/theta-service.fr\\\/?page_id=525#breadcrumb\",\"itemListElement\":[{\"@type\":\"ListItem\",\"position\":1,\"name\":\"Accueil\",\"item\":\"http:\\\/\\\/theta-service.fr\\\/\"},{\"@type\":\"ListItem\",\"position\":2,\"name\":\"Professionnels\"}]},{\"@type\":\"WebSite\",\"@id\":\"http:\\\/\\\/theta-service.fr\\\/#website\",\"url\":\"http:\\\/\\\/theta-service.fr\\\/\",\"name\":\"Theta service\",\"description\":\"L&#039;Excellence est notre Passion.\",\"publisher\":{\"@id\":\"http:\\\/\\\/theta-service.fr\\\/#organization\"},\"potentialAction\":[{\"@type\":\"SearchAction\",\"target\":{\"@type\":\"EntryPoint\",\"urlTemplate\":\"http:\\\/\\\/theta-service.fr\\\/?s={search_term_string}\"},\"query-input\":{\"@type\":\"PropertyValueSpecification\",\"valueRequired\":true,\"valueName\":\"search_term_string\"}}],\"inLanguage\":\"fr-FR\"},{\"@type\":\"Organization\",\"@id\":\"http:\\\/\\\/theta-service.fr\\\/#organization\",\"name\":\"Theta service\",\"url\":\"http:\\\/\\\/theta-service.fr\\\/\",\"logo\":{\"@type\":\"ImageObject\",\"inLanguage\":\"fr-FR\",\"@id\":\"http:\\\/\\\/theta-service.fr\\\/#\\\/schema\\\/logo\\\/image\\\/\",\"url\":\"http:\\\/\\\/theta-service.fr\\\/wp-content\\\/uploads\\\/2023\\\/01\\\/theta-service-2.png\",\"contentUrl\":\"http:\\\/\\\/theta-service.fr\\\/wp-content\\\/uploads\\\/2023\\\/01\\\/theta-service-2.png\",\"width\":500,\"height\":500,\"caption\":\"Theta service\"},\"image\":{\"@id\":\"http:\\\/\\\/theta-service.fr\\\/#\\\/schema\\\/logo\\\/image\\\/\"},\"sameAs\":[\"https:\\\/\\\/www.facebook.com\\\/profile.php?id=100084109790785&locale=fr_FR\"]}]}<\/script>\n<!-- \/ Yoast SEO plugin. -->","yoast_head_json":{"title":"Professionnels - Theta service","robots":{"index":"index","follow":"follow","max-snippet":"max-snippet:-1","max-image-preview":"max-image-preview:large","max-video-preview":"max-video-preview:-1"},"canonical":"http:\/\/theta-service.fr\/?page_id=525","og_locale":"fr_FR","og_type":"article","og_title":"Professionnels - Theta service","og_description":"Theta Service est \u00e0 votre disposition pour tous vos \u00e9v\u00e9nements d&rsquo;entreprise, qu&rsquo;il s&rsquo;agisse de repas conviviaux hebdomadaires, de s\u00e9minaires, ou de r\u00e9ceptions professionnelles. Nous cr\u00e9ons des menus sur mesure, adapt\u00e9s \u00e0 vos envies et \u00e0 celles de vos collaborateurs. \u00a0 Nous proposons \u00e9galement des livraisons de repas chauds pour le midi et\/ou pouvons assurer le service sur place pour vos soir\u00e9es priv\u00e9es. \u00a0 Pour discuter de vos projets, n&rsquo;h\u00e9sitez pas \u00e0 nous contacter directement via le formulaire dans l&rsquo;onglet Contact.","og_url":"http:\/\/theta-service.fr\/?page_id=525","og_site_name":"Theta service","article_publisher":"https:\/\/www.facebook.com\/profile.php?id=100084109790785&locale=fr_FR","article_modified_time":"2024-08-23T12:15:53+00:00","twitter_card":"summary_large_image","twitter_misc":{"Dur\u00e9e de lecture estim\u00e9e":"1 minute"},"schema":{"@context":"https:\/\/schema.org","@graph":[{"@type":"WebPage","@id":"http:\/\/theta-service.fr\/?page_id=525","url":"http:\/\/theta-service.fr\/?page_id=525","name":"Professionnels - Theta service","isPartOf":{"@id":"http:\/\/theta-service.fr\/#website"},"datePublished":"2024-02-28T10:03:58+00:00","dateModified":"2024-08-23T12:15:53+00:00","breadcrumb":{"@id":"http:\/\/theta-service.fr\/?page_id=525#breadcrumb"},"inLanguage":"fr-FR","potentialAction":[{"@type":"ReadAction","target":["http:\/\/theta-service.fr\/?page_id=525"]}]},{"@type":"BreadcrumbList","@id":"http:\/\/theta-service.fr\/?page_id=525#breadcrumb","itemListElement":[{"@type":"ListItem","position":1,"name":"Accueil","item":"http:\/\/theta-service.fr\/"},{"@type":"ListItem","position":2,"name":"Professionnels"}]},{"@type":"WebSite","@id":"http:\/\/theta-service.fr\/#website","url":"http:\/\/theta-service.fr\/","name":"Theta service","description":"L&#039;Excellence est notre Passion.","publisher":{"@id":"http:\/\/theta-service.fr\/#organization"},"potentialAction":[{"@type":"SearchAction","target":{"@type":"EntryPoint","urlTemplate":"http:\/\/theta-service.fr\/?s={search_term_string}"},"query-input":{"@type":"PropertyValueSpecification","valueRequired":true,"valueName":"search_term_string"}}],"inLanguage":"fr-FR"},{"@type":"Organization","@id":"http:\/\/theta-service.fr\/#organization","name":"Theta service","url":"http:\/\/theta-service.fr\/","logo":{"@type":"ImageObject","inLanguage":"fr-FR","@id":"http:\/\/theta-service.fr\/#\/schema\/logo\/image\/","url":"http:\/\/theta-service.fr\/wp-content\/uploads\/2023\/01\/theta-service-2.png","contentUrl":"http:\/\/theta-service.fr\/wp-content\/uploads\/2023\/01\/theta-service-2.png","width":500,"height":500,"caption":"Theta service"},"image":{"@id":"http:\/\/theta-service.fr\/#\/schema\/logo\/image\/"},"sameAs":["https:\/\/www.facebook.com\/profile.php?id=100084109790785&locale=fr_FR"]}]}},"_links":{"self":[{"href":"https:\/\/theta-service.fr\/index.php?rest_route=\/wp\/v2\/pages\/525","targetHints":{"allow":["GET"]}}],"collection":[{"href":"https:\/\/theta-service.fr\/index.php?rest_route=\/wp\/v2\/pages"}],"about":[{"href":"https:\/\/theta-service.fr\/index.php?rest_route=\/wp\/v2\/types\/page"}],"author":[{"embeddable":true,"href":"https:\/\/theta-service.fr\/index.php?rest_route=\/wp\/v2\/users\/1"}],"replies":[{"embeddable":true,"href":"https:\/\/theta-service.fr\/index.php?rest_route=%2Fwp%2Fv2%2Fcomments&post=525"}],"version-history":[{"count":14,"href":"https:\/\/theta-service.fr\/index.php?rest_route=\/wp\/v2\/pages\/525\/revisions"}],"predecessor-version":[{"id":804,"href":"https:\/\/theta-service.fr\/index.php?rest_route=\/wp\/v2\/pages\/525\/revisions\/804"}],"wp:attachment":[{"href":"https:\/\/theta-service.fr\/index.php?rest_route=%2Fwp%2Fv2%2Fmedia&parent=525"}],"curies":[{"name":"wp","href":"https:\/\/api.w.org\/{rel}","templated":true}]}}