{"id":579,"date":"2024-03-13T12:18:06","date_gmt":"2024-03-13T11:18:06","guid":{"rendered":"http:\/\/theta-service.fr\/?page_id=579"},"modified":"2024-08-23T15:06:53","modified_gmt":"2024-08-23T13:06:53","slug":"notre-carte","status":"publish","type":"page","link":"http:\/\/theta-service.fr\/?page_id=579","title":{"rendered":"Particuliers"},"content":{"rendered":"\t\t<div data-elementor-type=\"wp-page\" data-elementor-id=\"579\" class=\"elementor elementor-579\">\n\t\t\t\t\t\t<section class=\"elementor-section elementor-top-section elementor-element elementor-element-efd2a4c elementor-section-boxed elementor-section-height-default elementor-section-height-default\" data-id=\"efd2a4c\" data-element_type=\"section\" data-e-type=\"section\">\n\t\t\t\t\t\t<div class=\"elementor-container elementor-column-gap-default\">\n\t\t\t\t\t<div class=\"elementor-column elementor-col-100 elementor-top-column elementor-element elementor-element-fcd86f3\" data-id=\"fcd86f3\" data-element_type=\"column\" data-e-type=\"column\">\n\t\t\t<div class=\"elementor-widget-wrap elementor-element-populated\">\n\t\t\t\t\t\t<div class=\"elementor-element elementor-element-7eebc9c elementor-widget elementor-widget-spacer\" data-id=\"7eebc9c\" data-element_type=\"widget\" data-e-type=\"widget\" data-widget_type=\"spacer.default\">\n\t\t\t\t<div class=\"elementor-widget-container\">\n\t\t\t\t\t\t\t<div class=\"elementor-spacer\">\n\t\t\t<div class=\"elementor-spacer-inner\"><\/div>\n\t\t<\/div>\n\t\t\t\t\t\t<\/div>\n\t\t\t\t<\/div>\n\t\t\t\t\t<\/div>\n\t\t<\/div>\n\t\t\t\t\t<\/div>\n\t\t<\/section>\n\t\t\t\t<section class=\"elementor-section elementor-top-section elementor-element elementor-element-96af454 elementor-section-boxed elementor-section-height-default elementor-section-height-default\" data-id=\"96af454\" data-element_type=\"section\" data-e-type=\"section\">\n\t\t\t\t\t\t<div class=\"elementor-container elementor-column-gap-default\">\n\t\t\t\t\t<div class=\"elementor-column elementor-col-100 elementor-top-column elementor-element elementor-element-dfafdc2\" data-id=\"dfafdc2\" data-element_type=\"column\" data-e-type=\"column\">\n\t\t\t<div class=\"elementor-widget-wrap elementor-element-populated\">\n\t\t\t\t\t\t<div class=\"elementor-element elementor-element-76b809e elementor-widget elementor-widget-text-editor\" data-id=\"76b809e\" data-element_type=\"widget\" data-e-type=\"widget\" data-widget_type=\"text-editor.default\">\n\t\t\t\t<div class=\"elementor-widget-container\">\n\t\t\t\t\t\t\t\t\t<p>Donnez une touche savoureuse \u00e0 vos \u00e9v\u00e9nements gr\u00e2ce \u00e0 nos services de traiteur.<\/p><p>Sp\u00e9cialis\u00e9s dans les r\u00e9ceptions priv\u00e9es, nous vous proposons des menus vari\u00e9s et adapt\u00e9s \u00e0 toutes les occasions, que ce soit pour un mariage, un anniversaire, ou une soir\u00e9e entre amis. Chaque plat est pr\u00e9par\u00e9 avec soin, en utilisant des ingr\u00e9dients frais et de saison, pour ravir vos invit\u00e9s.<\/p><p>Pour vos soir\u00e9es ou repas conviviaux, contactez nous pour profitez d\u2019un menu sur mesure, con\u00e7u en collaboration avec notre chef qui se d\u00e9place directement chez vous.<\/p><p><strong>D\u00e9couvrez nos menus<\/strong> : Cliquez sur les boutons ci-dessous pour acc\u00e9der et t\u00e9l\u00e9charger nos diff\u00e9rentes propositions en fonction de vos besoins.<\/p><p>Besoin d\u2019aide ou de conseils pour choisir votre menu ? Contactez-nous facilement via le formulaire dans l\u2019onglet <strong><a href=\"https:\/\/theta-service.fr\/?page_id=543\">Contact<\/a><\/strong>.<\/p>\t\t\t\t\t\t\t\t<\/div>\n\t\t\t\t<\/div>\n\t\t\t\t\t<\/div>\n\t\t<\/div>\n\t\t\t\t\t<\/div>\n\t\t<\/section>\n\t\t\t\t<section class=\"elementor-section elementor-top-section elementor-element elementor-element-4c3bfa1 elementor-section-boxed elementor-section-height-default elementor-section-height-default\" data-id=\"4c3bfa1\" data-element_type=\"section\" data-e-type=\"section\">\n\t\t\t\t\t\t<div class=\"elementor-container elementor-column-gap-default\">\n\t\t\t\t\t<div class=\"elementor-column elementor-col-100 elementor-top-column elementor-element elementor-element-c1e4d70\" data-id=\"c1e4d70\" data-element_type=\"column\" data-e-type=\"column\">\n\t\t\t<div class=\"elementor-widget-wrap elementor-element-populated\">\n\t\t\t\t\t\t<div class=\"elementor-element elementor-element-218a899 elementor-widget elementor-widget-spacer\" data-id=\"218a899\" data-element_type=\"widget\" data-e-type=\"widget\" data-widget_type=\"spacer.default\">\n\t\t\t\t<div class=\"elementor-widget-container\">\n\t\t\t\t\t\t\t<div class=\"elementor-spacer\">\n\t\t\t<div class=\"elementor-spacer-inner\"><\/div>\n\t\t<\/div>\n\t\t\t\t\t\t<\/div>\n\t\t\t\t<\/div>\n\t\t\t\t\t<\/div>\n\t\t<\/div>\n\t\t\t\t\t<\/div>\n\t\t<\/section>\n\t\t\t\t<section class=\"elementor-section elementor-top-section elementor-element elementor-element-c3109c8 elementor-section-boxed elementor-section-height-default elementor-section-height-default\" data-id=\"c3109c8\" data-element_type=\"section\" data-e-type=\"section\">\n\t\t\t\t\t\t<div class=\"elementor-container elementor-column-gap-default\">\n\t\t\t\t\t<div class=\"elementor-column elementor-col-100 elementor-top-column elementor-element elementor-element-6aaf5dc\" data-id=\"6aaf5dc\" data-element_type=\"column\" data-e-type=\"column\">\n\t\t\t<div class=\"elementor-widget-wrap elementor-element-populated\">\n\t\t\t\t\t\t<div class=\"elementor-element elementor-element-9f32571 elementor-widget elementor-widget-button\" data-id=\"9f32571\" data-element_type=\"widget\" data-e-type=\"widget\" data-widget_type=\"button.default\">\n\t\t\t\t<div class=\"elementor-widget-container\">\n\t\t\t\t\t\t\t\t\t<div class=\"elementor-button-wrapper\">\n\t\t\t\t\t<a class=\"elementor-button elementor-button-link elementor-size-sm\" href=\"http:\/\/theta-service.fr\/wp-content\/uploads\/2024\/08\/Theta-Service-Carte-Mariages.pdf-1.pdf\" target=\"_blank\">\n\t\t\t\t\t\t<span class=\"elementor-button-content-wrapper\">\n\t\t\t\t\t\t\t\t\t<span class=\"elementor-button-text\">Carte des Mariages<\/span>\n\t\t\t\t\t<\/span>\n\t\t\t\t\t<\/a>\n\t\t\t\t<\/div>\n\t\t\t\t\t\t\t\t<\/div>\n\t\t\t\t<\/div>\n\t\t\t\t<div class=\"elementor-element elementor-element-d11ac06 elementor-widget elementor-widget-button\" data-id=\"d11ac06\" data-element_type=\"widget\" data-e-type=\"widget\" data-widget_type=\"button.default\">\n\t\t\t\t<div class=\"elementor-widget-container\">\n\t\t\t\t\t\t\t\t\t<div class=\"elementor-button-wrapper\">\n\t\t\t\t\t<a class=\"elementor-button elementor-button-link elementor-size-sm\" href=\"http:\/\/theta-service.fr\/wp-content\/uploads\/2024\/08\/Theta-Service-Carte-des-animations.pdf\">\n\t\t\t\t\t\t<span class=\"elementor-button-content-wrapper\">\n\t\t\t\t\t\t\t\t\t<span class=\"elementor-button-text\">Carte des Animations <\/span>\n\t\t\t\t\t<\/span>\n\t\t\t\t\t<\/a>\n\t\t\t\t<\/div>\n\t\t\t\t\t\t\t\t<\/div>\n\t\t\t\t<\/div>\n\t\t\t\t<div class=\"elementor-element elementor-element-4462620 elementor-widget elementor-widget-button\" data-id=\"4462620\" data-element_type=\"widget\" data-e-type=\"widget\" data-widget_type=\"button.default\">\n\t\t\t\t<div class=\"elementor-widget-container\">\n\t\t\t\t\t\t\t\t\t<div class=\"elementor-button-wrapper\">\n\t\t\t\t\t<a class=\"elementor-button elementor-button-link elementor-size-sm\" href=\"http:\/\/theta-service.fr\/wp-content\/uploads\/2024\/08\/Theta-Service-Carte-Evenements.pdf\">\n\t\t\t\t\t\t<span class=\"elementor-button-content-wrapper\">\n\t\t\t\t\t\t\t\t\t<span class=\"elementor-button-text\">Carte R\u00e9ceptions Priv\u00e9es<\/span>\n\t\t\t\t\t<\/span>\n\t\t\t\t\t<\/a>\n\t\t\t\t<\/div>\n\t\t\t\t\t\t\t\t<\/div>\n\t\t\t\t<\/div>\n\t\t\t\t\t<\/div>\n\t\t<\/div>\n\t\t\t\t\t<\/div>\n\t\t<\/section>\n\t\t\t\t<\/div>\n\t\t","protected":false},"excerpt":{"rendered":"<p>Donnez une touche savoureuse \u00e0 vos \u00e9v\u00e9nements gr\u00e2ce \u00e0 nos services de traiteur. Sp\u00e9cialis\u00e9s dans les r\u00e9ceptions priv\u00e9es, nous vous proposons des menus vari\u00e9s et adapt\u00e9s \u00e0 toutes les occasions, que ce soit pour un mariage, un anniversaire, ou une soir\u00e9e entre amis. Chaque plat est pr\u00e9par\u00e9 avec soin, en utilisant des ingr\u00e9dients frais et de saison, pour ravir vos invit\u00e9s. Pour vos soir\u00e9es ou repas conviviaux, contactez nous pour profitez d\u2019un menu sur mesure, con\u00e7u en collaboration avec notre chef qui se d\u00e9place directement chez vous. D\u00e9couvrez nos menus : Cliquez sur les boutons ci-dessous pour acc\u00e9der et t\u00e9l\u00e9charger nos diff\u00e9rentes propositions en fonction de vos besoins. Besoin d\u2019aide ou de conseils pour choisir votre menu ? Contactez-nous facilement via le formulaire dans l\u2019onglet Contact. Carte des Mariages Carte des Animations Carte R\u00e9ceptions Priv\u00e9es<\/p>\n","protected":false},"author":1,"featured_media":0,"parent":0,"menu_order":0,"comment_status":"closed","ping_status":"closed","template":"","meta":{"footnotes":""},"class_list":["post-579","page","type-page","status-publish","hentry"],"yoast_head":"<!-- This site is optimized with the Yoast SEO plugin v27.4 - https:\/\/yoast.com\/product\/yoast-seo-wordpress\/ -->\n<title>Particuliers - Theta service<\/title>\n<meta name=\"description\" content=\"D\u00e9couvrez notre service traiteur semi-gastronomique, o\u00f9 chaque plat est une exp\u00e9rience culinaire d&#039;exception. Nous croyons en la d\u00e9mocratisation de la grande cuisine, offrant des repas gastronomiques \u00e0 un tarif abordable. Savourez le meilleur de la gastronomie sans compromis sur la qualit\u00e9, accessible \u00e0 tous.\" \/>\n<meta name=\"robots\" content=\"index, follow, max-snippet:-1, max-image-preview:large, max-video-preview:-1\" \/>\n<link rel=\"canonical\" href=\"https:\/\/theta-service.fr\/?page_id=579\" \/>\n<meta property=\"og:locale\" content=\"fr_FR\" \/>\n<meta property=\"og:type\" content=\"article\" \/>\n<meta property=\"og:title\" content=\"Particuliers - Theta service\" \/>\n<meta property=\"og:description\" content=\"D\u00e9couvrez notre service traiteur semi-gastronomique, o\u00f9 chaque plat est une exp\u00e9rience culinaire d&#039;exception. Nous croyons en la d\u00e9mocratisation de la grande cuisine, offrant des repas gastronomiques \u00e0 un tarif abordable. Savourez le meilleur de la gastronomie sans compromis sur la qualit\u00e9, accessible \u00e0 tous.\" \/>\n<meta property=\"og:url\" content=\"https:\/\/theta-service.fr\/?page_id=579\" \/>\n<meta property=\"og:site_name\" content=\"Theta service\" \/>\n<meta property=\"article:publisher\" content=\"https:\/\/www.facebook.com\/profile.php?id=100084109790785&amp;locale=fr_FR\" \/>\n<meta property=\"article:modified_time\" content=\"2024-08-23T13:06:53+00:00\" \/>\n<meta name=\"twitter:card\" content=\"summary_large_image\" \/>\n<meta name=\"twitter:label1\" content=\"Dur\u00e9e de lecture estim\u00e9e\" \/>\n\t<meta name=\"twitter:data1\" content=\"1 minute\" \/>\n<script type=\"application\/ld+json\" class=\"yoast-schema-graph\">{\"@context\":\"https:\\\/\\\/schema.org\",\"@graph\":[{\"@type\":\"WebPage\",\"@id\":\"https:\\\/\\\/theta-service.fr\\\/?page_id=579\",\"url\":\"https:\\\/\\\/theta-service.fr\\\/?page_id=579\",\"name\":\"Particuliers - Theta service\",\"isPartOf\":{\"@id\":\"https:\\\/\\\/theta-service.fr\\\/#website\"},\"datePublished\":\"2024-03-13T11:18:06+00:00\",\"dateModified\":\"2024-08-23T13:06:53+00:00\",\"description\":\"D\u00e9couvrez notre service traiteur semi-gastronomique, o\u00f9 chaque plat est une exp\u00e9rience culinaire d'exception. Nous croyons en la d\u00e9mocratisation de la grande cuisine, offrant des repas gastronomiques \u00e0 un tarif abordable. Savourez le meilleur de la gastronomie sans compromis sur la qualit\u00e9, accessible \u00e0 tous.\",\"breadcrumb\":{\"@id\":\"https:\\\/\\\/theta-service.fr\\\/?page_id=579#breadcrumb\"},\"inLanguage\":\"fr-FR\",\"potentialAction\":[{\"@type\":\"ReadAction\",\"target\":[\"https:\\\/\\\/theta-service.fr\\\/?page_id=579\"]}]},{\"@type\":\"BreadcrumbList\",\"@id\":\"https:\\\/\\\/theta-service.fr\\\/?page_id=579#breadcrumb\",\"itemListElement\":[{\"@type\":\"ListItem\",\"position\":1,\"name\":\"Accueil\",\"item\":\"https:\\\/\\\/theta-service.fr\\\/\"},{\"@type\":\"ListItem\",\"position\":2,\"name\":\"Particuliers\"}]},{\"@type\":\"WebSite\",\"@id\":\"https:\\\/\\\/theta-service.fr\\\/#website\",\"url\":\"https:\\\/\\\/theta-service.fr\\\/\",\"name\":\"Theta service\",\"description\":\"L&#039;Excellence est notre Passion.\",\"publisher\":{\"@id\":\"https:\\\/\\\/theta-service.fr\\\/#organization\"},\"potentialAction\":[{\"@type\":\"SearchAction\",\"target\":{\"@type\":\"EntryPoint\",\"urlTemplate\":\"https:\\\/\\\/theta-service.fr\\\/?s={search_term_string}\"},\"query-input\":{\"@type\":\"PropertyValueSpecification\",\"valueRequired\":true,\"valueName\":\"search_term_string\"}}],\"inLanguage\":\"fr-FR\"},{\"@type\":\"Organization\",\"@id\":\"https:\\\/\\\/theta-service.fr\\\/#organization\",\"name\":\"Theta service\",\"url\":\"https:\\\/\\\/theta-service.fr\\\/\",\"logo\":{\"@type\":\"ImageObject\",\"inLanguage\":\"fr-FR\",\"@id\":\"https:\\\/\\\/theta-service.fr\\\/#\\\/schema\\\/logo\\\/image\\\/\",\"url\":\"http:\\\/\\\/theta-service.fr\\\/wp-content\\\/uploads\\\/2023\\\/01\\\/theta-service-2.png\",\"contentUrl\":\"http:\\\/\\\/theta-service.fr\\\/wp-content\\\/uploads\\\/2023\\\/01\\\/theta-service-2.png\",\"width\":500,\"height\":500,\"caption\":\"Theta service\"},\"image\":{\"@id\":\"https:\\\/\\\/theta-service.fr\\\/#\\\/schema\\\/logo\\\/image\\\/\"},\"sameAs\":[\"https:\\\/\\\/www.facebook.com\\\/profile.php?id=100084109790785&locale=fr_FR\"]}]}<\/script>\n<!-- \/ Yoast SEO plugin. -->","yoast_head_json":{"title":"Particuliers - Theta service","description":"D\u00e9couvrez notre service traiteur semi-gastronomique, o\u00f9 chaque plat est une exp\u00e9rience culinaire d'exception. Nous croyons en la d\u00e9mocratisation de la grande cuisine, offrant des repas gastronomiques \u00e0 un tarif abordable. Savourez le meilleur de la gastronomie sans compromis sur la qualit\u00e9, accessible \u00e0 tous.","robots":{"index":"index","follow":"follow","max-snippet":"max-snippet:-1","max-image-preview":"max-image-preview:large","max-video-preview":"max-video-preview:-1"},"canonical":"https:\/\/theta-service.fr\/?page_id=579","og_locale":"fr_FR","og_type":"article","og_title":"Particuliers - Theta service","og_description":"D\u00e9couvrez notre service traiteur semi-gastronomique, o\u00f9 chaque plat est une exp\u00e9rience culinaire d'exception. Nous croyons en la d\u00e9mocratisation de la grande cuisine, offrant des repas gastronomiques \u00e0 un tarif abordable. Savourez le meilleur de la gastronomie sans compromis sur la qualit\u00e9, accessible \u00e0 tous.","og_url":"https:\/\/theta-service.fr\/?page_id=579","og_site_name":"Theta service","article_publisher":"https:\/\/www.facebook.com\/profile.php?id=100084109790785&locale=fr_FR","article_modified_time":"2024-08-23T13:06:53+00:00","twitter_card":"summary_large_image","twitter_misc":{"Dur\u00e9e de lecture estim\u00e9e":"1 minute"},"schema":{"@context":"https:\/\/schema.org","@graph":[{"@type":"WebPage","@id":"https:\/\/theta-service.fr\/?page_id=579","url":"https:\/\/theta-service.fr\/?page_id=579","name":"Particuliers - Theta service","isPartOf":{"@id":"https:\/\/theta-service.fr\/#website"},"datePublished":"2024-03-13T11:18:06+00:00","dateModified":"2024-08-23T13:06:53+00:00","description":"D\u00e9couvrez notre service traiteur semi-gastronomique, o\u00f9 chaque plat est une exp\u00e9rience culinaire d'exception. Nous croyons en la d\u00e9mocratisation de la grande cuisine, offrant des repas gastronomiques \u00e0 un tarif abordable. Savourez le meilleur de la gastronomie sans compromis sur la qualit\u00e9, accessible \u00e0 tous.","breadcrumb":{"@id":"https:\/\/theta-service.fr\/?page_id=579#breadcrumb"},"inLanguage":"fr-FR","potentialAction":[{"@type":"ReadAction","target":["https:\/\/theta-service.fr\/?page_id=579"]}]},{"@type":"BreadcrumbList","@id":"https:\/\/theta-service.fr\/?page_id=579#breadcrumb","itemListElement":[{"@type":"ListItem","position":1,"name":"Accueil","item":"https:\/\/theta-service.fr\/"},{"@type":"ListItem","position":2,"name":"Particuliers"}]},{"@type":"WebSite","@id":"https:\/\/theta-service.fr\/#website","url":"https:\/\/theta-service.fr\/","name":"Theta service","description":"L&#039;Excellence est notre Passion.","publisher":{"@id":"https:\/\/theta-service.fr\/#organization"},"potentialAction":[{"@type":"SearchAction","target":{"@type":"EntryPoint","urlTemplate":"https:\/\/theta-service.fr\/?s={search_term_string}"},"query-input":{"@type":"PropertyValueSpecification","valueRequired":true,"valueName":"search_term_string"}}],"inLanguage":"fr-FR"},{"@type":"Organization","@id":"https:\/\/theta-service.fr\/#organization","name":"Theta service","url":"https:\/\/theta-service.fr\/","logo":{"@type":"ImageObject","inLanguage":"fr-FR","@id":"https:\/\/theta-service.fr\/#\/schema\/logo\/image\/","url":"http:\/\/theta-service.fr\/wp-content\/uploads\/2023\/01\/theta-service-2.png","contentUrl":"http:\/\/theta-service.fr\/wp-content\/uploads\/2023\/01\/theta-service-2.png","width":500,"height":500,"caption":"Theta service"},"image":{"@id":"https:\/\/theta-service.fr\/#\/schema\/logo\/image\/"},"sameAs":["https:\/\/www.facebook.com\/profile.php?id=100084109790785&locale=fr_FR"]}]}},"_links":{"self":[{"href":"http:\/\/theta-service.fr\/index.php?rest_route=\/wp\/v2\/pages\/579","targetHints":{"allow":["GET"]}}],"collection":[{"href":"http:\/\/theta-service.fr\/index.php?rest_route=\/wp\/v2\/pages"}],"about":[{"href":"http:\/\/theta-service.fr\/index.php?rest_route=\/wp\/v2\/types\/page"}],"author":[{"embeddable":true,"href":"http:\/\/theta-service.fr\/index.php?rest_route=\/wp\/v2\/users\/1"}],"replies":[{"embeddable":true,"href":"http:\/\/theta-service.fr\/index.php?rest_route=%2Fwp%2Fv2%2Fcomments&post=579"}],"version-history":[{"count":66,"href":"http:\/\/theta-service.fr\/index.php?rest_route=\/wp\/v2\/pages\/579\/revisions"}],"predecessor-version":[{"id":862,"href":"http:\/\/theta-service.fr\/index.php?rest_route=\/wp\/v2\/pages\/579\/revisions\/862"}],"wp:attachment":[{"href":"http:\/\/theta-service.fr\/index.php?rest_route=%2Fwp%2Fv2%2Fmedia&parent=579"}],"curies":[{"name":"wp","href":"https:\/\/api.w.org\/{rel}","templated":true}]}}